{"id":4478,"date":"2019-01-18T20:39:35","date_gmt":"2019-01-18T19:39:35","guid":{"rendered":"http:\/\/www.overo.pl\/rancho-overo\/?page_id=4478"},"modified":"2024-02-21T16:31:15","modified_gmt":"2024-02-21T15:31:15","slug":"contact","status":"publish","type":"page","link":"http:\/\/www.overo.pl\/rancho-overo\/contact\/","title":{"rendered":"CONTACT"},"content":{"rendered":"<div class=\"brz-root__container brz-reset-all\">\n<section id=\"wrfsyewugh\" class=\"brz-section brz-css-gkpJl\">\n<div class=\"brz-section__content brz-section--boxed brz-css-ntR5g brz-css-e1mN5\" data-brz-custom-id=\"nzjspmxyoi\">\n<div class=\"brz-bg\">\n<div class=\"brz-bg-color\"><\/div>\n<\/div>\n<div class=\"brz-container brz-css-qDGZk brz-css-erv8q\">\n<div id class=\"brz-css-j4aJZ brz-wrapper\">\n<div class=\"brz-menu-simple brz-css-i1NtG brz-css-logEI\">\n<div style=\"min-height:20px\"><\/div>\n<\/div>\n<\/div>\n<div id class=\"brz-css-j4aJZ brz-wrapper\">\n<div class=\"brz-rich-text brz-rich-text__custom brz-css-wAq4w\" data-brz-custom-id=\"diwknlbmrj\">\n<div data-brz-translate-text=\"1\">\n<h2 class=\"brz-text-lg-center brz-tp-heading2 brz-css-ySdGF\"><span class=\"brz-cp-color4\">Come Visit Us<\/span><\/h2>\n<\/div>\n<\/div>\n<\/div>\n<div id class=\"brz-css-j4aJZ brz-css-lbz5k brz-wrapper\">\n<div class=\"brz-rich-text brz-rich-text__custom brz-css-wAq4w\" data-brz-custom-id=\"uemyyumpfi\">\n<div data-brz-translate-text=\"1\">\n<p class=\"brz-text-lg-center brz-tp-subtitle brz-css-v4pRq\"><em class=\"brz-cp-color7\">&#8222;The way to heaven is on horseback<\/em><span class=\"brz-cp-color7\">&nbsp;&#8222;<\/span><\/p>\n<\/div>\n<\/div>\n<\/div>\n<div id class=\"brz-css-j4aJZ brz-css-kjZvz brz-wrapper\">\n<div class=\"brz-spacer brz-css-r7KfJ brz-css-yFWPV\"><\/div>\n<\/div>\n<div class=\"brz-row__container brz-css-ztrwT\" data-brz-custom-id=\"gtfjtxsefv\">\n<div class=\"brz-bg\"><\/div>\n<div class=\"brz-row brz-css-lGNQL brz-css-mnfe1\">\n<div class=\"brz-columns brz-css-hHqwn brz-css-nCW4G\" data-brz-custom-id=\"ugnpqjldpi\">\n<div class=\"brz-bg\"><\/div>\n<div class=\"brz-column__items brz-css-eVkoM brz-css-aWaIN\">\n<div id class=\"brz-css-j4aJZ brz-wrapper\">\n<div class=\"brz-rich-text brz-rich-text__custom brz-css-wAq4w\" data-brz-custom-id=\"ftebjinhwg\">\n<div data-brz-translate-text=\"1\">\n<p class=\"brz-text-lg-left brz-tp-abovetitle brz-css-k7lM3\"><span class=\"brz-cp-color3\">E-MAIL<\/span><\/p>\n<h6 class=\"brz-text-lg-left brz-tp-heading6 brz-css-fCINa\"><span class=\"brz-cp-color2\">OVERO@OVERO.PL&nbsp;<\/span><\/h6>\n<\/div>\n<\/div>\n<\/div>\n<\/div>\n<\/div>\n<div class=\"brz-columns brz-css-hHqwn brz-css-yMpUN\" data-brz-custom-id=\"zrktobscse\">\n<div class=\"brz-bg\"><\/div>\n<div class=\"brz-column__items brz-css-eVkoM\">\n<div id class=\"brz-css-j4aJZ brz-wrapper\">\n<div class=\"brz-rich-text brz-rich-text__custom brz-css-wAq4w\" data-brz-custom-id=\"ktshkmgtvm\">\n<div data-brz-translate-text=\"1\">\n<p class=\"brz-text-lg-left brz-tp-abovetitle brz-css-hNRfB\"><span class=\"brz-cp-color3\">PHONE<\/span><\/p>\n<h6 class=\"brz-text-lg-left brz-tp-heading6 brz-css-zhgZT\"><span class=\"brz-cp-color2\">+(48) 509469496<\/span><\/h6>\n<\/div>\n<\/div>\n<\/div>\n<\/div>\n<\/div>\n<div class=\"brz-columns brz-css-hHqwn brz-css-othvL\" data-brz-custom-id=\"yzlfzhfhjc\">\n<div class=\"brz-bg\"><\/div>\n<div class=\"brz-column__items brz-css-eVkoM\">\n<div id class=\"brz-css-j4aJZ brz-css-vrWKz brz-wrapper\">\n<div class=\"brz-rich-text brz-rich-text__custom brz-css-wAq4w\" data-brz-custom-id=\"qkyielfitm\">\n<div data-brz-translate-text=\"1\">\n<p class=\"brz-text-lg-left brz-tp-abovetitle brz-css-hx6i1\"><span class=\"brz-cp-color3\">SOCIAL<\/span><\/p>\n<\/div>\n<\/div>\n<\/div>\n<div class=\"brz-wrapper-clone brz-css-o0Gvu brz-css-ccvwL\">\n<div class=\"brz-d-xs-flex brz-flex-xs-wrap brz-css-u9nfB brz-css-isHjv\" data-brz-custom-id>\n<div class=\"brz-wrapper-clone__item\" id=\"ehszfqfeug\">\n<div class=\"brz-icon__container\" data-brz-custom-id=\"ehszfqfeug\"><a class=\"brz-a\" href=\"https:\/\/www.facebook.com\/Rancho-Overo-1609253945961788\/\" target=\"_self\" rel=\"noopener\" data-brz-link-type=\"external\"><span class=\"brz-icon brz-span brz-css-iNyp1 brz-css-vWUDg\"><\/span><\/a><\/div>\n<\/div>\n<\/div>\n<\/div>\n<\/div>\n<\/div>\n<\/div>\n<\/div>\n<\/div>\n<\/div>\n<\/section>\n<section id=\"fdyrqadgpn\" class=\"brz-section brz-css-gkpJl\">\n<div class=\"brz-section__content brz-section--boxed brz-css-ntR5g brz-css-ue6vQ\" data-brz-custom-id=\"dhqpeicgic\">\n<div class=\"brz-bg\">\n<div class=\"brz-bg-color\"><\/div>\n<\/div>\n<div class=\"brz-container brz-css-qDGZk\">\n<div class=\"brz-row__container brz-css-ztrwT\" data-brz-custom-id=\"vprzdwtwon\">\n<div class=\"brz-bg\"><\/div>\n<div class=\"brz-row brz-css-lGNQL brz-css-mnfe1\">\n<div class=\"brz-columns brz-css-hHqwn\" data-brz-custom-id=\"qcvbplyxuh\">\n<div class=\"brz-bg\"><\/div>\n<div class=\"brz-column__items brz-css-eVkoM\">\n<div id class=\"brz-css-j4aJZ brz-css-qf6Wh brz-wrapper\">\n<div class=\"brz-map brz-map_styles brz-css-a3b9q brz-css-cgEAG\" data-brz-custom-id=\"sknkejcyqf\">\n<div class=\"brz-ui-ed-map-content\"><\/div>\n<\/div>\n<\/div>\n<\/div>\n<\/div>\n<div class=\"brz-columns brz-css-hHqwn &lt;br \/&gt;\n&lt;b&gt;Warning&lt;\/b&gt;:  Attempt to read property &quot;post_content&quot; on array in &lt;b&gt;\/home\/tidnab\/domains\/overo.pl\/public_html\/rancho-overo\/wp-content\/plugins\/wpforms-lite\/src\/Frontend\/Frontend.php&lt;\/b&gt; on line &lt;b&gt;215&lt;\/b&gt;&lt;br \/&gt;\n&lt;br \/&gt;\n&lt;b&gt;Warning&lt;\/b&gt;:  Attempt to read property &quot;ID&quot; on array in &lt;b&gt;\/home\/tidnab\/domains\/overo.pl\/public_html\/rancho-overo\/wp-content\/plugins\/wpforms-lite\/src\/Frontend\/Frontend.php&lt;\/b&gt; on line &lt;b&gt;216&lt;\/b&gt;&lt;br \/&gt;\n&lt;br \/&gt;\n&lt;b&gt;Warning&lt;\/b&gt;:  Attempt to read property &quot;ID&quot; on array in &lt;b&gt;\/home\/tidnab\/domains\/overo.pl\/public_html\/rancho-overo\/wp-content\/plugins\/wpforms-lite\/src\/Frontend\/Frontend.php&lt;\/b&gt; on line &lt;b&gt;373&lt;\/b&gt;&lt;br \/&gt;\n&lt;!-- WPForms: no fields, form hidden --&gt;\" data-brz-custom-id=\"kblpipgsuc\">\n<div class=\"brz-bg\"><\/div>\n<div class=\"brz-column__items brz-css-eVkoM brz-css-qtuXF\">\n<div id class=\"brz-css-j4aJZ brz-wrapper\">\n<div class=\"brz-wp-shortcode brz-css-clYtc\" data-brz-custom-id=\"zwdnlcvqvu\">\n<div><div class=\"wpforms-container wpforms-container-full\" id=\"wpforms-4727\"><form id=\"wpforms-form-4727\" class=\"wpforms-validate wpforms-form\" data-formid=\"4727\" method=\"post\" enctype=\"multipart\/form-data\" action=\"\/rancho-overo\/wp-json\/wp\/v2\/pages\/4478\" data-token=\"d2f544ab43a97cc1597b2038157de435\"><noscript class=\"wpforms-error-noscript\">Aby wype\u0142ni\u0107 ten formularz, w\u0142\u0105cz obs\u0142ug\u0119 JavaScript w przegl\u0105darce.<\/noscript><div class=\"wpforms-field-container\"><div id=\"wpforms-4727-field_0-container\" class=\"wpforms-field wpforms-field-name\" data-field-id=\"0\"><label class=\"wpforms-field-label\" for=\"wpforms-4727-field_0\">Name <span class=\"wpforms-required-label\">*<\/span><\/label><div class=\"wpforms-field-row wpforms-field-medium\"><div class=\"wpforms-field-row-block wpforms-first wpforms-one-half\"><input type=\"text\" id=\"wpforms-4727-field_0\" class=\"wpforms-field-name-first wpforms-field-required\" name=\"wpforms[fields][0][first]\" required><label for=\"wpforms-4727-field_0\" class=\"wpforms-field-sublabel after \">Imi\u0119<\/label><\/div><div class=\"wpforms-field-row-block wpforms-one-half\"><input type=\"text\" id=\"wpforms-4727-field_0-last\" class=\"wpforms-field-name-last wpforms-field-required\" name=\"wpforms[fields][0][last]\" required><label for=\"wpforms-4727-field_0-last\" class=\"wpforms-field-sublabel after \">Nazwisko<\/label><\/div><\/div><\/div><div id=\"wpforms-4727-field_1-container\" class=\"wpforms-field wpforms-field-email\" data-field-id=\"1\"><label class=\"wpforms-field-label\" for=\"wpforms-4727-field_1\">Email <span class=\"wpforms-required-label\">*<\/span><\/label><input type=\"email\" id=\"wpforms-4727-field_1\" class=\"wpforms-field-medium wpforms-field-required\" name=\"wpforms[fields][1]\" spellcheck=\"false\" required><\/div><div id=\"wpforms-4727-field_2-container\" class=\"wpforms-field wpforms-field-textarea\" data-field-id=\"2\"><label class=\"wpforms-field-label\" for=\"wpforms-4727-field_2\">Comment or Message <span class=\"wpforms-required-label\">*<\/span><\/label><textarea id=\"wpforms-4727-field_2\" class=\"wpforms-field-medium wpforms-field-required\" name=\"wpforms[fields][2]\" required><\/textarea><\/div><\/div><!-- .wpforms-field-container --><div class=\"wpforms-field wpforms-field-hp\"><label for=\"wpforms-4727-field-hp\" class=\"wpforms-field-label\">Email<\/label><input type=\"text\" name=\"wpforms[hp]\" id=\"wpforms-4727-field-hp\" class=\"wpforms-field-medium\"><\/div><div class=\"wpforms-submit-container\" ><input type=\"hidden\" name=\"wpforms[id]\" value=\"4727\"><input type=\"hidden\" name=\"wpforms[author]\" value=\"1\"><button type=\"submit\" name=\"wpforms[submit]\" id=\"wpforms-submit-4727\" class=\"wpforms-submit\" data-alt-text=\"Sending...\" data-submit-text=\"Submit\" aria-live=\"assertive\" value=\"wpforms-submit\">Submit<\/button><\/div><\/form><\/div>  <!-- .wpforms-container --><\/div>\n<\/div>\n<\/div>\n<\/div>\n<\/div>\n<\/div>\n<\/div>\n<\/div>\n<\/div>\n<\/section>\n<\/div>\n<p>    <!-- version:1708529475 --><\/p>\n","protected":false},"excerpt":{"rendered":"<p>Come Visit Us &#8222;The way to heaven is on horseback&nbsp;&#8222; E-MAIL OVERO@OVERO.PL&nbsp; PHONE +(48) 509469496 SOCIAL<\/p>\n","protected":false},"author":1,"featured_media":0,"parent":0,"menu_order":0,"comment_status":"closed","ping_status":"closed","template":"brizy-blank-template.php","meta":{"footnotes":""},"class_list":["post-4478","page","type-page","status-publish","hentry"],"aioseo_notices":[],"amp_enabled":false,"_links":{"self":[{"href":"http:\/\/www.overo.pl\/rancho-overo\/wp-json\/wp\/v2\/pages\/4478","targetHints":{"allow":["GET"]}}],"collection":[{"href":"http:\/\/www.overo.pl\/rancho-overo\/wp-json\/wp\/v2\/pages"}],"about":[{"href":"http:\/\/www.overo.pl\/rancho-overo\/wp-json\/wp\/v2\/types\/page"}],"author":[{"embeddable":true,"href":"http:\/\/www.overo.pl\/rancho-overo\/wp-json\/wp\/v2\/users\/1"}],"replies":[{"embeddable":true,"href":"http:\/\/www.overo.pl\/rancho-overo\/wp-json\/wp\/v2\/comments?post=4478"}],"version-history":[{"count":27,"href":"http:\/\/www.overo.pl\/rancho-overo\/wp-json\/wp\/v2\/pages\/4478\/revisions"}],"predecessor-version":[{"id":5391,"href":"http:\/\/www.overo.pl\/rancho-overo\/wp-json\/wp\/v2\/pages\/4478\/revisions\/5391"}],"wp:attachment":[{"href":"http:\/\/www.overo.pl\/rancho-overo\/wp-json\/wp\/v2\/media?parent=4478"}],"curies":[{"name":"wp","href":"https:\/\/api.w.org\/{rel}","templated":true}]}}